ppose 3*g - 90 - b = 0. What is the tens digit of g?
5
Suppose 14*b - 15*b + 118 = 0. Suppose -b = -6*z - 10. What is the units digit of z?
8
Suppose k + 18 = 1. What is the hundreds digit of k/51 + 2/6*619?
2
What is the tens digit of (8*1)/(1 - (-469)/(-483))?
7
Let q = 34 - 52. Let m be (-237)/9 + (-6)/q. What is the tens digit of (-14)/(-91) - 1140/m?
4
What is the hundreds digit of 308/(-5)*(-525)/14?
3
Suppose -2*c - 4 = 0, -i + 0*i + 1400 = 3*c. What is the tens digit of i?
0
Let a = 249 + -233. What is the units digit of a?
6
Let u(p) = 69*p + 6. Let o(y) = 34*y + 3. Let x(c) = -5*o(c) + 2*u(c). Let f be x(-2). Suppose 0 = -3*g + f + 17. What is the units digit of g?
6
Let p = -759 + 4399. What is the hundreds digit of p?
6
Let b(o) = o**2 - 5*o - 9. Let x be b(7). Suppose 105 = x*w + 5*h, 0*w = 2*w - 5*h - 56. Let j = w + -2. What is the tens digit of j?
2
Let f(v) = -5*v - 36. Let q be f(-7). What is the tens digit of (2*227/(-2))/q?
2
What is the units digit of ((-6)/9)/(13/(-7995)) - 0?
0
Suppose -2*m + 8 + 6 = 0. Suppose -3*u - 9 = -3*x, -7 = -3*u + x - 6. What is the units digit of (m/(-2))/(u/(-4))?
7
Suppose -345 = 49*b - 54*b. What is the tens digit of b?
6
Suppose -z - 44 = 3*k - 6*z, -3*k - 56 = z. Let b = -13 - k. Suppose -v + 183 = b*n, n - 27 = -2*v + 5*v. What is the tens digit of n?
3
What is the units digit of (52 - 7)/(-5) + 2837?
8
Suppose x - c = 1925, -7*x - 5740 = -10*x - 4*c. What is the tens digit of x?
2
Suppose -4*l - 7 = a, -4*a - 2 = -l + 9. Let j(f) = 2*f**2 - f - 1. Let d be j(l). Suppose 31 = -k + 2*k + c, -3*c + 67 = d*k. What is the units digit of k?
6
Let f(c) = -146*c - 298. What is the tens digit of f(-10)?
6
Let b = -703 + 347. What is the tens digit of (-2 - -5 - 0)/((-6)/b)?
7
Suppose 3*w - 3 = 2*w. Let c be 14/w*18/21. What is the units digit of (c/(-10))/((-1)/5)?
2
Suppose -i - 9*i + 3460 = 0. What is the hundreds digit of i?
3
Suppose 3*q = q - 2, 0 = -3*j - 3*q - 3. Suppose j = 4*w - w + 114. What is the units digit of w*(-3)/18*3?
9
Suppose h = 3*f - 15349, h + h = -5*f + 25589. What is the tens digit of f?
1
Suppose 4*k = k + 12. Suppose 0*q - 317 = -4*w + 5*q, q + 1 = 0. Suppose p - k*p = -w. What is the units digit of p?
6
Let p = 4957 - 734. What is the thousands digit of p?
4
Let c(y) = y**2 - 25*y - 31. Let l be c(26). Let s(x) = -x**3 + 5*x**2 + 9*x. What is the units digit of s(l)?
5
Let w(z) = 6*z**2 - 4*z + 6. What is the hundreds digit of w(-4)?
1
Suppose 33*b - 13*b = 1280. What is the units digit of b?
4
Let u = 2306 + 1031. What is the thousands digit of u?
3
Let m be -4 + 1 - 5/1. Let x = m + 26. What is the units digit of 302/x + 2/9?
7
Suppose -s + 9 = 2*o - 0*o, -2*s - 3*o = -21. What is the units digit of (0 - -60)/(s/10)?
0
Let t(h) be the first derivative of h**5/120 + 29*h**4/24 - h**3 + 2. Let q(w) be the third derivative of t(w). What is the tens digit of q(-15)?
1
What is the units digit of ((-346)/5)/((-86)/215)?
3
Let y(w) be the first derivative of w**4/4 - 2*w**3 - w**2 - 11*w - 11. What is the hundreds digit of y(8)?
1
Suppose d - 189 = -5*l + 440, -611 = -d + 4*l. Suppose -7*q + d + 39 = 0. What is the units digit of q?
4
Let v(w) = 3*w**2 + 4*w. Let c be v(-2). Suppose 3*t = 5*x - 227 - 578, 4*x - 644 = -c*t. What is the units digit of x?
1
What is the tens digit of (-7)/7 - 8 - -316?
0
Let j(r) = r**2 + 3*r + 2. Let g be j(-2). Suppose 114 = -g*t + 2*t. What is the units digit of t?
7
Let b be -10*(3/6 + -1). Suppose -4*h = 2*w, b*w - h = -6*h - 5. What is the tens digit of (w/4)/((-3)/180)?
3
Let o = -8 - -12. Suppose o*t = 3*t + 1. What is the units digit of t - (-21 - (2 + -3))?
1
Let a = 4 - 2. Suppose c + 0*c = -4*d - 17, -26 = a*d + 4*c. What is the units digit of 42/((-6)/d + 0)?
1
Suppose 0 = 2*q - 162 + 24. Suppose -4*c = -53 + 189. Let l = c + q. What is the tens digit of l?
3
Suppose -5*i + 1903 = -3247. What is the tens digit of i?
3
Suppose -3*p = -9, 5*p + 3093 = 53*z - 51*z. What is the hundreds digit of z?
5
Suppose 273 + 1974 = 3*b - 3*q, -765 = -b + 5*q. What is the tens digit of b?
4
Let z(a) = 3*a**2 + 7*a + 2. Let g be z(7). Let j be g/45 - 2/5. Suppose 0 = j*r - 37 - 51. What is the tens digit of r?
2
Let v(i) = 4*i**2 - 53*i + 18. What is the tens digit of v(16)?
9
Let i = 22 - 67. What is the units digit of (1062/i)/((-4)/10)?
9
Let v be (-15)/(4/((-4)/3)). What is the tens digit of (42/v)/((-2)/(-10))?
4
Let p(i) = -i**2 + 14*i - 17. Let y be p(14). Let v = y + 37. Suppose 0 = -4*u - 2*g + 16, -5*u + v = -6*g + 2*g. What is the units digit of u?
4
Suppose -1 = -b - 4. Let n be (-12)/(-4) - 4 - b. What is the units digit of (-3)/2 + 17/n?
7
Suppose 0 = d - 0*d - 5. Suppose 5*z = 4*w - 2 + 5, 0 = -2*z - d*w + 21. Suppose -z*c - 6 = -36. What is the units digit of c?
0
Let w = -30 - -33. Suppose -7 = -2*t + w*z, 0 = -0*t + 3*t - 2*z - 8. What is the units digit of t?
2
Suppose 6 = 4*b - 6. Let r(v) = 2 + 5*v + 10*v - 4*v. What is the tens digit of r(b)?
3
Suppose 20 = 11*m - 7*m. Let r = 51 + m. What is the units digit of r?
6
Let z be 6/9 - (-38)/(-3). Let w be (-3)/(-2)*1904/z. What is the units digit of 2/10 + w/(-10)?
4
Let s = -6 - -7. Suppose k + s = 5. Suppose 54 = k*x - 2*x. What is the units digit of x?
7
Let d be -1 + -2 + 7 - 2. Suppose -640 = d*x - 6*x. Suppose 4*n - x = -4*c, -3*n - 2*n - 2*c = -206. What is the tens digit of n?
4
Suppose -3*a = -8*a - 5, 5*p - 5*a = 125. Suppose y = -4*u + 2*u + p, -3*y + 12 = u. What is the tens digit of u?
1
Suppose 7*u - 4 = 6*u. Suppose -2*n = -5*f - 104, -u*f + n = -4*n + 90. Let a = f - -32. What is the tens digit of a?
1
Suppose 3*b = 364 + 1202. What is the hundreds digit of b?
5
Suppose 5*y + 3210 = 2*d, -5*d + 2*y - 767 = -8750. What is the units digit of d?
5
Let k = -53 + 58. Let m(v) = v**2 - 5*v + 6. What is the units digit of m(k)?
6
Let z = -583 - -862. Suppose -g - 2*g + z = 0. Suppose -2*q = -g - 5. What is the tens digit of q?
4
Let k = -34 - -49. Suppose -700 = -22*o + k*o. What is the units digit of o?
0
Suppose -4*b - 2*x = -14, b - 2 - 7 = 5*x. Suppose 2*d - 20 = -b*z, -z - 12 = 4*d - 6*z. What is the tens digit of d*-1*(-247)/26?
1
Let h(w) = 0*w**2 - 31 - w + w**2 + 3*w + 8*w. What is the tens digit of h(-14)?
2
Suppose -l + 20 = -0*l - 4*z, 3*z + 15 = 4*l. Suppose -n - 65 + 216 = l. What is the hundreds digit of n?
1
Suppose -5*x - 8804 = -4*p, 4*p - 2*x - 10988 = -p. What is the hundreds digit of p?
1
Let n be 428/(-6) + 4/3. Let j be ((-9)/(-6))/((-15)/n). Suppose 103 = 6*a + j. What is the tens digit of a?
1
Let t(y) = 12*y + y**3 - 2*y**2 - 8*y**2 + 1 - 4. Let d be t(9). Suppose -3*k = -2*k - d. What is the tens digit of k?
2
Let j be 20/15 - 2/6. What is the units digit of 11 - (-2 + -2)/j?
5
Let z = 234 + -143. Let w be 714/z + 4/26. Suppose -c + 121 = 4*y, 3*y - w*y + 161 = -2*c. What is the units digit of y?
1
Let j(g) = g - 1. Let t(h) = h**3 + 9*h**2 - 5*h - 4. Let b(f) = 4*j(f) + t(f). What is the units digit of b(-9)?
1
Let n be (-402)/((-36)/6) + 1. Let w = n - -60. What is the tens digit of w?
2
Let q = 2342 + -860. What is the tens digit of q?
8
Let w be ((-14)/(-3))/((-1)/(-3)). Suppose -9*q + 403 = 4*q. Let x = w + q. What is the tens digit of x?
4
Let w(y) = -612*y - 22. What is the units digit of w(-2)?
2
Let k = -16 + 16. Suppose k = t + 5, -2*t = -5*o - t + 140. What is the units digit of o?
7
Let q(a) = -56*a - 4. Let c be q(-2). Let i be ((-3)/(-3))/(1/c). Suppose -4*j = -0*j - i. What is the units digit of j?
7
Suppose i + 2*i + 312 = 0. Let b = i - -63. Let x = b + 78. What is the units digit of x?
7
Let t be (-35)/(-10) + 0 + 3/(-2). Suppose -2*v = -t, -198 = -4*f + 4*v + 774. What is the hundreds digit of f?
2
Suppose -5*j - 5*j + 480 = 0. Let g = j - -34. What is the units digit of g?
2
Let s(y) = y**2 - 5*y + 6. Let b be s(4). Suppose 2*q = -2*q + 20, -b*q - 416 = -2*l. What is the units digit of l?
3
Let c(i) = -i**2 - 11*i + 14. Let k be c(-12). Suppose -45 = -h + k*v, -2*h + 6*h - 170 = -2*v. What is the tens digit of h?
4
Let j(y) = 4*y**2. Suppose 0 = 3*i + 2*i + 5. Let x be j(i). Suppose -h = x*h - 215. What is the tens digit of h?
4
Let z = 182 - 14. What is the hundreds digit of z?
1
Suppose -n = 5*q + 6, -q = n - 2*n + 6. 